rime?
True
Is 422522503 composite?
True
Is 4241931479 a prime number?
False
Is 1710144433 a prime number?
True
Is 396360683 prime?
True
Is 446385157 composite?
False
Is 20567014291 a composite number?
False
Is 601966347 composite?
True
Is 157456249 composite?
True
Is 5263640423 composite?
False
Is 4122393923 composite?
True
Is 1339500961 composite?
False
Is 7980768101 composite?
False
Is 579845621 composite?
False
Is 22747824059 a prime number?
True
Is 1048331083 prime?
False
Is 3475655719 prime?
False
Is 2324495903 a prime number?
True
Is 25319391743 a prime number?
True
Is 157540855 a composite number?
True
Is 7532621263 prime?
True
Is 80713768929 composite?
True
Is 19077490583 composite?
False
Is 98541721 a prime number?
True
Is 272433373 composite?
False
Is 1557931519 a prime number?
False
Is 26599523227 prime?
True
Is 4933206407 prime?
True
Is 2853271297 prime?
False
Is 145024477409 composite?
True
Is 6046771993 prime?
True
Is 3299890567 composite?
True
Is 7635618667 a composite number?
False
Is 256247711 a composite number?
False
Is 4307588737 a prime number?
False
Is 6129536851 a prime number?
True
Is 1912939919 prime?
False
Is 25322725021 a composite number?
True
Is 30423154733 a composite number?
False
Is 28626814163 composite?
False
Is 30973279589 a prime number?
False
Is 2859503797 composite?
True
Is 1337460783 composite?
True
Is 12182309941 a composite number?
False
Is 111277195507 composite?
True
Is 8005757057 prime?
True
Is 69388791443 prime?
True
Is 278986601 composite?
False
Is 623437573 composite?
True
Is 12837406165 prime?
False
Is 838211327 a prime number?
True
Is 41184111487 a composite number?
False
Is 22290783547 prime?
False
Is 235187909809 composite?
True
Is 41010260615 a composite number?
True
Is 12851149139 prime?
False
Is 541668977 composite?
True
Is 9108364561 a prime number?
True
Is 9597833183 a composite number?
False
Is 905103841 composite?
True
Is 295221379 a prime number?
False
Is 165671634619 a composite number?
False
Is 1087164163 a composite number?
True
Is 11437049497 composite?
True
Is 1025605811 a composite number?
True
Is 496576559 a composite number?
False
Is 32495824231 composite?
True
Is 366506039 composite?
True
Is 16201719733 prime?
False
Is 38984057459 prime?
True
Is 3863286041 a composite number?
False
Is 28709992669 a composite number?
False
Is 26470083109 prime?
True
Is 463278181 prime?
False
Is 1990236343 prime?
False
Is 2211463147 a composite number?
True
Is 1548588109 prime?
True
Is 40780138187 composite?
True
Is 34460025619 a prime number?
False
Is 58714220597 a composite number?
True
Is 22744807583 a prime number?
True
Is 772206343 prime?
False
Is 4803219215 a prime number?
False
Is 67064642333 composite?
True
Is 827150329 a composite number?
True
Is 959501297 composite?
True
Is 4414297939 a composite number?
True
Is 11932178593 prime?
False
Is 17622905009 composite?
False
Is 100873763 a composite number?
False
Is 25973684981 prime?
False
Is 114436458349 a prime number?
True
Is 1219644317 a prime number?
True
Is 1290990163 a composite number?
False
Is 14559359 prime?
False
Is 1657368373 a prime number?
True
Is 620669081 prime?
False
Is 6228268217 prime?
True
Is 13155483403 a composite number?
True
Is 513054703 prime?
False
Is 97090706467 composite?
False
Is 7167230347 a composite number?
True
Is 3641043369 prime?
False
Is 71323752239 a prime number?
True
Is 189834287 a prime number?
False
Is 116273399 a prime number?
False
Is 70418812729 a prime number?
False
Is 22070014933 composite?
True
Is 17025785591 a prime number?
True
Is 322470830213 prime?
False
Is 1311852407 a prime number?
True
Is 2398786813 a prime number?
False
Is 288869731 composite?
False
Is 12324071167 prime?
False
Is 115145740777 a composite number?
True
Is 4436262511 prime?
True
Is 2277947311 a composite number?
True
Is 1851768833 composite?
False
Is 44807744161 composite?
False
Is 963681647 composite?
False
Is 481257181 a composite number?
True
Is 45470218795 a prime number?
False
Is 46400425671 a prime number?
False
Is 20157665909 a prime number?
False
Is 2525340989 prime?
True
Is 54764440699 prime?
False
Is 3236454107 composite?
False
Is 3146357173 prime?
False
Is 257240453 prime?
True
Is 4972266031 prime?
True
Is 813084742 composite?
True
Is 7639583311 a composite number?
False
Is 8101958021 a composite number?
False
Is 1718333 a prime number?
True
Is 5621797 composite?
True
Is 11001963161 prime?
False
Is 491893519 prime?
False
Is 7198286371 a prime number?
False
Is 2066763863 a prime number?
True
Is 557167327 composite?
True
Is 767478961 a composite number?
False
Is 538265591 a composite number?
False
Is 21975705343 composite?
False
Is 1836678227 composite?
False
Is 18071476429 a prime number?
True
Is 9670322329 prime?
False
Is 2067877931 composite?
True
Is 118391965 a prime number?
False
Is 23413910846 a prime number?
False
Is 119379362831 a composite number?
False
Is 24203355667 a prime number?
False
Is 44003673193 prime?
True
Is 42489462739 prime?
False
Is 2287969711 composite?
False
Is 14305311769 prime?
False
Is 4073148797 prime?
True
Is 63409304873 a composite number?
False
Is 12579525289 prime?
True
Is 620259239 prime?
False
Is 2424079259 composite?
True
Is 3017013077 prime?
False
Is 310067186749 a prime number?
False
Is 31419701 composite?
True
Is 11115607081 a composite number?
True
Is 419857343 composite?
True
Is 187325783501 prime?
True
Is 5077065131 a composite number?
False
Is 5245561241 a prime number?
False
Is 44107463119 a composite number?
False
Is 5084146279 a composite number?
True
Is 9090338683 composite?
True
Is 17220365293 a prime number?
True
Is 68342033 a prime number?
True
Is 6665999789 a prime number?
False
Is 2396627359 a composite number?
True
Is 226873373 a prime number?
True
Is 1307021861 a prime number?
False
Is 575211227 prime?
True
Is 150144304547 a composite number?
False
Is 2241216529 composite?
False
Is 6265321943 composite?
False
Is 353199631 a prime number?
True
Is 288037819 prime?
True
Is 202069319 a composite number?
True
Is 1416025759 composite?
False
Is 12749376007 composite?
True
Is 4393516405 composite?
True
Is 6136767157 prime?
True
Is 3822789538 prime?
False
Is 1828899421 a prime number?
False
Is 5728401911 a prime number?
True
Is 17501714381 prime?
True
Is 333283813 a prime number?
True
Is 4466394887 a prime number?
False
Is 39564625763 prime?
False
Is 1318948613 a prime number?
True
Is 1648637903 a composite number?
True
Is 126383969 a composite number?
False
Is 989798239 a composite number?
True
Is 2013677357 a prime number?
True
Is 406252039 composite?
True
Is 3169089829 composite?
False
Is 863872279 prime?
False
Is 10703171779 a prime number?
True
Is 2495073431 prime?
True
Is 29529646193 a prime number?
False
Is 12499073 composite?
True
Is 37492241273 a composite number?
False
Is 1720143119 a composite number?
False
Is 143315441 a composite number?
True
Is 8695609519 composite?
True
Is 7513246511 a composite number?
False
Is 4330525971 a prime number?
False
Is 18265049639 prime?
False
Is 948662427 a composite number?
True
Is 683418877 composite?
True
Is 15700274833 a prime number?
False
Is 9199028231 a composite number?
False
Is 761792459 a composite number?
True
Is 420648379 a prime number?
False
Is 416697387011 a composite number?
False
Is 103584632597 composite?
False
Is 20944081489 a prime number?
True
Is 4477305611 a prime number?
True
Is 624439381 prime?
True
Is 187095647411 a prime number?
True
Is 434217347 a prime number?
False
Is 65160206323 prime?
True
Is 3002076809 composite?
False
Is 22881290393 composite?
True
Is 33874639853 a prime number?
False
Is 2670920233 composite?
False
Is 3850235579 a composite number?
False
Is 6150038767 prime?
False
Is 22981711111 prime?
True
Is 2071677851 prime?
False
Is 86006741897 composite?
True
Is 1724374979 a composite number?
True
Is 14001821018 a prime number?
False
Is 27711877355 prime?
False
Is 616399181 prime?
True
Is 2091756605 composite?
True
Is 38248414007 prime?
True
Is 49351834157 a prime number?
False
Is 2312166237 a prime number?
False
Is 57056048003 a composite number?
False
Is 64934867 a composite number?
False
Is 68881938269 a prime number?
True
Is 4433009 a composite number?
True
Is 29051741917 composit